{"id":1506,"date":"2021-07-14T19:44:49","date_gmt":"2021-07-14T17:44:49","guid":{"rendered":"https:\/\/interactivemicroeconomics.com\/?page_id=1506"},"modified":"2021-07-15T13:10:45","modified_gmt":"2021-07-15T11:10:45","slug":"def-precio-aceptante","status":"publish","type":"page","link":"https:\/\/interactivemicroeconomics.com\/index.php\/es\/ejemplos\/equilibrio-de-mercado\/def-precio-aceptante\/","title":{"rendered":"Def precio aceptante"},"content":{"rendered":"\t\t<div data-elementor-type=\"wp-page\" data-elementor-id=\"1506\" class=\"elementor elementor-1506\">\n\t\t\t\t\t\t<section class=\"elementor-section elementor-top-section elementor-element elementor-element-39e7b32e elementor-section-boxed elementor-section-height-default elementor-section-height-default\" data-id=\"39e7b32e\" data-element_type=\"section\" data-e-type=\"section\">\n\t\t\t\t\t\t<div class=\"elementor-container elementor-column-gap-default\">\n\t\t\t\t\t<div class=\"elementor-column elementor-col-100 elementor-top-column elementor-element elementor-element-59807cc7\" data-id=\"59807cc7\" data-element_type=\"column\" data-e-type=\"column\">\n\t\t\t<div class=\"elementor-widget-wrap elementor-element-populated\">\n\t\t\t\t\t\t<div class=\"elementor-element elementor-element-20a74447 elementor-widget elementor-widget-html\" data-id=\"20a74447\" data-element_type=\"widget\" data-e-type=\"widget\" data-widget_type=\"html.default\">\n\t\t\t\t<div class=\"elementor-widget-container\">\n\t\t\t\t\t <style>\n     .definiciontit {\n\tpadding: 0px 0px 10px 40px;\n\tmargin: 0px 0px 0px 0px;\n\tcolor: black; \n\tfont-size:16pt;\n\tfont-weight:bold;\n\t}\n\t\n.definiciontexto{\n\tpadding: 10px 20px 10px 20px;\n\tmargin: 10px 20px 20px 10px;\n\tcolor: black;\n\tfont-size:14pt;\n\tborder-style:solid;\n\tborder-width:1px;\n\tborder-color: darkgray;\n\tborder-radius:20px;\n    box-shadow: 6px 6px 5px grey;\n\t}\n\n.ejemplo {\n\t\tcolor: green;\n\t\tbackground-color: lightgreen;\n\t\tborder: thin solid green;\n\t\tpadding: 4px;\n\t\tborder-radius:8px;\n\t\tbox-shadow: 3px 3px grey;\n\t\tcursor: pointer;\n\t\tfont-size:12pt}\n\n.tooltipster-sidetip.tooltipster-light.tooltipster-light-customized .tooltipster-box {\n\tcolor: blue;\n\tbackground: gray;\n\tborder: 3px solid green;\n\tborder-radius: 6px;\n\tbox-shadow: 5px 5px 2px 0 rgba(0,0,0,0.4);\n}\n\n.tooltipster-sidetip.tooltipster-light.tooltipster-light-customized .tooltipster-content {\n\tcolor: black;\n\tbackground-color: #E8E89C;\n\tpadding: 5px;\n\tfont-size:12pt;\n\t\n}\n\n.tooltipster-sidetip.tooltipster-shadow.tooltipster-shadow-customized .tooltipster-box {\n\t\/*color: blue;\n\tbackground: gray;\n\tborder: 3px solid red;\n\tborder-radius: 6px;\n\tbox-shadow: 5px 5px 2px 0 rgba(0,0,0,0.4);*\/\n}\n.tooltipster-sidetip.tooltipster-shadow.tooltipster-shadow-customized .tooltipster-content {\n\tcolor: black;\n\tbackground-color: lightyellow;\n\tpadding: 3px;\n\tfont-size:12pt;\n\t\n}\n\n.tooltip_templates { display: none; }\n.tooltip {\n\t\tcolor: blue;\n\t\tcursor: pointer;}\n\n\n <\/style>\n \n <link rel=\"stylesheet\" type=\"text\/css\" href=\"https:\/\/interactivemicroeconomics.com\/myStyles\/tooltipster.bundle.css\" \/>\n<link rel=\"stylesheet\" type=\"text\/css\" href=\"https:\/\/interactivemicroeconomics.com\/myStyles\/tooltipster-sideTip-light.min.css\" \/>\n<link rel=\"stylesheet\" type=\"text\/css\" href=\"https:\/\/interactivemicroeconomics.com\/myStyles\/tooltipster-sideTip-shadow.min.css\" \/>\n\n\n<script type=\"text\/javascript\" src=\"https:\/\/interactivemicroeconomics.com\/myScripts\/jquery-3.5.1.min.js\"><\/script>\n<script type=\"text\/javascript\" src=\"https:\/\/interactivemicroeconomics.com\/myScripts\/tooltipster.bundle.min.js\"><\/script>\n<script type=\"text\/javascript\" src=\"https:\/\/interactivemicroeconomics.com\/myScripts\/tooltipster-scrollableTip.min.js\"><\/script>\n    \n<script>\n    $(document).ready(function() {\n            $('.tooltip').tooltipster();\n        });\n\t\t\n\t$(document).ready(function() {\n            $('.botondef').tooltipster();\n        });\n\t$(document).ready(function() {\n            $('.btnmark').tooltipster();\n        });\n    $(document).ready(function() {\n            $('.ejemplo').tooltipster();\n        });\n\t$(document).ready(function() {\n            $('.sol').tooltipster();\n        });\t\n\t$(document).ready(function() {\n            $('.resputest').tooltipster();\n        });\n\t$(document).ready(function() {\n            $('.interactivesol').tooltipster();\n        }); \n<\/script>\n\n\n <p><br> <br><\/p>\n \n <p class=\"definiciontit\">Agente precio aceptante<\/p>\n \n <div  class=\"definiciontexto\" >\n   Llamamos  <strong>precio aceptante<\/strong> a un individuo, sea comprador o vendedor, que toma sus decisiones bas\u00e1ndose en los precios observados en los mercados, acept\u00e1ndolos como datos que no dependen de su decisi\u00f3n. En un mercado competitivo todos los agentes son precio aceptantes.\n<\/div>\n \n  <\/div>\n  \n  <script>\n       \n\t\t\n\t$('.tooltip').tooltipster({\n    \t\ttheme: ['tooltipster-light', 'tooltipster-light-customized'],\n\t\t\ttrigger: 'click',\n\t\t\tmaxWidth: '250',\n\t\t\tinteractive: true\n\n\t\t});\n     \n\t$('.tooltipfig').tooltipster({\n    \t\ttheme: ['tooltipster-light', 'tooltipster-light-customized'],\n\t\t\ttrigger: 'click',\n\t\t\tmaxWidth: '150'\n\t\t});\n\n\t$('.botondef').tooltipster({\n    \t\ttheme: ['tooltipster-light', 'tooltipster-light-customized'],\n\t\t\tmaxWidth: '250'\n\t\t});\n\t$('.btnmark').tooltipster({\n    \t\ttheme: ['tooltipster-light', 'tooltipster-light-customized'],\n\t\t\tmaxWidth: '250'\n\t\t});\n\t$('.ejemplo').tooltipster({\n    \t\ttheme: ['tooltipster-light', 'tooltipster-light-customized'],\n\t\t\tplugins: ['sideTip', 'scrollableTip'],\n\t\t\ttrigger: 'click',\n\t\t\tmaxWidth: '450',\n\t\t\tinteractive: true\n\t\t});\n\t$('.sol').tooltipster({\n    \t\ttheme: ['tooltipster-light', 'tooltipster-light-customized'],\n\t\t\tplugins: ['sideTip', 'scrollableTip'],\n\t\t\ttrigger: 'click',\n\t\t\tmaxWidth: '220',\n\t\t\tinteractive: true\n\t\t});\n\t\n\t$('.resputest').tooltipster({\n\t   \t\ttheme: ['tooltipster-shadow', 'tooltipster-shadow-customized'],\n\t\t\ttrigger: 'custom',\n\t\t\tinteractive: true,\n   \t\t\ttriggerOpen: {\n        \t\t\/\/click: true,\n        \t\t\/\/tap: true\n   \t\t\t },\n    \t\ttriggerClose: {\n        \t\tclick: true,\n        \t\ttap: true\n   \t\t\t },\n\t\t\tmaxWidth: '250'\n\t\t});\n\t\t\n\t\t$('.interactivesol').tooltipster({\n    \t\ttheme: ['tooltipster-light', 'tooltipster-light-customized'],\n\t\t\tplugins: ['sideTip', 'scrollableTip'],\n\t\t\ttrigger: 'click',\n\t\t\tmaxWidth: '220',\n\t\t\tinteractive: true\n\t\t});\n\t\n    <\/script>\t\t\t\t<\/div>\n\t\t\t\t<\/div>\n\t\t\t\t\t<\/div>\n\t\t<\/div>\n\t\t\t\t\t<\/div>\n\t\t<\/section>\n\t\t\t\t<section class=\"elementor-section elementor-top-section elementor-element elementor-element-36c6c0f3 elementor-section-boxed elementor-section-height-default elementor-section-height-default\" data-id=\"36c6c0f3\" data-element_type=\"section\" data-e-type=\"section\">\n\t\t\t\t\t\t<div class=\"elementor-container elementor-column-gap-default\">\n\t\t\t\t\t<div class=\"elementor-column elementor-col-100 elementor-top-column elementor-element elementor-element-52d6fca2\" data-id=\"52d6fca2\" data-element_type=\"column\" data-e-type=\"column\">\n\t\t\t<div class=\"elementor-widget-wrap elementor-element-populated\">\n\t\t\t\t\t\t<div class=\"elementor-element elementor-element-3dbf8225 elementor-widget elementor-widget-html\" data-id=\"3dbf8225\" data-element_type=\"widget\" data-e-type=\"widget\" data-widget_type=\"html.default\">\n\t\t\t\t<div class=\"elementor-widget-container\">\n\t\t\t\t\t<style>\n.botonn {\n\t\tbackground-color:lightgray;\n\t\tmargin-top: 10px;\n\t\tpadding: 8px;\n\t\tfont-size:10pt;\n\t\tborder-style: solid;\n\t\tborder-color: gray;\n\t\tborder-radius:8px;\n\t\tcolor:black;\n\t\tcursor: pointer;\n}\n@media screen and (max-width: 750px) {\n  .botonn {\n   font-size: 9pt;\n   \t\tpadding: 4px;\n  }\n} <\/style>\n\n<div align=\"center\" style=\"margin-right:30px; margin-top:10px\">\n    <span class=\"botonn\">  <a href=\"\/index.php\/ejemplos\/equilibrio-de-mercado\/\"> Volver<\/a><\/span>\n  <\/div>\t\t\t\t<\/div>\n\t\t\t\t<\/div>\n\t\t\t\t\t<\/div>\n\t\t<\/div>\n\t\t\t\t\t<\/div>\n\t\t<\/section>\n\t\t\t\t<\/div>\n\t\t","protected":false},"excerpt":{"rendered":"<p>Agente precio aceptante Llamamos precio aceptante a un individuo, sea comprador o vendedor, que toma sus decisiones bas\u00e1ndose en los precios observados en los mercados, acept\u00e1ndolos como datos que no dependen de su decisi\u00f3n. En un mercado competitivo todos los agentes son precio aceptantes. Volver<\/p>\n","protected":false},"author":3,"featured_media":0,"parent":1475,"menu_order":0,"comment_status":"closed","ping_status":"closed","template":"elementor_canvas","meta":{"_monsterinsights_skip_tracking":false,"_monsterinsights_sitenote_active":false,"_monsterinsights_sitenote_note":"","_monsterinsights_sitenote_category":0,"footnotes":""},"class_list":["post-1506","page","type-page","status-publish","hentry"],"_links":{"self":[{"href":"https:\/\/interactivemicroeconomics.com\/index.php\/wp-json\/wp\/v2\/pages\/1506","targetHints":{"allow":["GET"]}}],"collection":[{"href":"https:\/\/interactivemicroeconomics.com\/index.php\/wp-json\/wp\/v2\/pages"}],"about":[{"href":"https:\/\/interactivemicroeconomics.com\/index.php\/wp-json\/wp\/v2\/types\/page"}],"author":[{"embeddable":true,"href":"https:\/\/interactivemicroeconomics.com\/index.php\/wp-json\/wp\/v2\/users\/3"}],"replies":[{"embeddable":true,"href":"https:\/\/interactivemicroeconomics.com\/index.php\/wp-json\/wp\/v2\/comments?post=1506"}],"version-history":[{"count":10,"href":"https:\/\/interactivemicroeconomics.com\/index.php\/wp-json\/wp\/v2\/pages\/1506\/revisions"}],"predecessor-version":[{"id":1611,"href":"https:\/\/interactivemicroeconomics.com\/index.php\/wp-json\/wp\/v2\/pages\/1506\/revisions\/1611"}],"up":[{"embeddable":true,"href":"https:\/\/interactivemicroeconomics.com\/index.php\/wp-json\/wp\/v2\/pages\/1475"}],"wp:attachment":[{"href":"https:\/\/interactivemicroeconomics.com\/index.php\/wp-json\/wp\/v2\/media?parent=1506"}],"curies":[{"name":"wp","href":"https:\/\/api.w.org\/{rel}","templated":true}]}}